8071?
27
What is the greatest common divisor of 160 and 30575830?
10
Calculate the greatest common divisor of 5239 and 792597.
13
What is the greatest common divisor of 10495 and 12215?
5
What is the greatest common divisor of 125 and 28721125?
125
Calculate the highest common divisor of 1617 and 45525900.
147
Calculate the highest common factor of 568150 and 10802.
22
Calculate the highest common factor of 171720 and 143856.
648
Calculate the greatest common divisor of 612591404 and 1336.
668
Calculate the greatest common divisor of 702216432 and 48.
48
What is the greatest common factor of 2078 and 1701882?
2078
What is the highest common divisor of 137370 and 372210?
570
What is the greatest common divisor of 37515 and 28290?
615
What is the highest common divisor of 8132 and 193420?
76
What is the highest common factor of 217408 and 73944?
632
What is the greatest common divisor of 4008 and 12788526?
1002
Calculate the highest common divisor of 279 and 85716171.
9
What is the greatest common divisor of 559771 and 53243?
1439
What is the greatest common factor of 279958353 and 3?
3
What is the greatest common divisor of 52845 and 123847?
271
What is the greatest common divisor of 7272017 and 5291?
37
What is the greatest common factor of 1080 and 25267520?
40
What is the greatest common divisor of 122925006 and 72?
18
Calculate the greatest common divisor of 74173 and 1777087.
613
Calculate the highest common divisor of 14857 and 262280.
83
What is the greatest common factor of 8426058 and 3184?
398
What is the greatest common divisor of 1236463 and 2812?
19
Calculate the highest common divisor of 70 and 122699521.
7
Calculate the greatest common divisor of 44329421 and 785.
157
Calculate the greatest common divisor of 5828 and 658282.
94
Calculate the greatest common factor of 9092957 and 1401.
467
Calculate the greatest common factor of 2078815 and 14402.
379
Calculate the greatest common factor of 696575 and 225.
25
Calculate the greatest common divisor of 3749733 and 3159.
3159
What is the greatest common divisor of 1608 and 402501696?
1608
What is the greatest common factor of 43875 and 4645251?
117
Calculate the greatest common divisor of 586 and 46166.
2
What is the highest common divisor of 510026 and 528?
22
Calculate the highest common factor of 868651 and 49259.
217
Calculate the greatest common factor of 1292 and 22263812.
68
What is the greatest common divisor of 2890 and 2762?
2
Calculate the highest common divisor of 262890 and 119646.
414
Calculate the highest common divisor of 16801780 and 1156.
68
Calculate the highest common divisor of 90736 and 260124.
212
Calculate the highest common divisor of 34587885 and 247.
19
What is the highest common factor of 272 and 4842246?
34
What is the highest common factor of 135351 and 124211?
557
Calculate the highest common divisor of 26 and 4086134.
26
Calculate the highest common factor of 1684881 and 133529.
671
Calculate the greatest common factor of 4815105 and 30.
15
What is the greatest common factor of 6868536 and 391?
23
Calculate the greatest common divisor of 142 and 1412008382.
142
Calculate the highest common divisor of 311139 and 117469.
181
Calculate the highest common factor of 1792091 and 4669.
161
What is the greatest common factor of 757206 and 41986524?
10974
Calculate the highest common divisor of 14076487 and 1.
1
What is the highest common factor of 10496 and 61816?
8
What is the greatest common factor of 97 and 5851?
1
What is the highest common divisor of 1966419 and 37044?
3087
Calculate the greatest common divisor of 1041476 and 62.
62
What is the highest common divisor of 792454 and 261?
29
Calculate the greatest common divisor of 16 and 7413188.
4
What is the greatest common factor of 4586337 and 6579?
387
Calculate the greatest common factor of 32 and 481622.
2
Calculate the highest common divisor of 94290 and 118055.
35
What is the greatest common divisor of 10752 and 203616?
672
Calculate the highest common divisor of 19244 and 18961.
283
Calculate the highest common divisor of 23498 and 67597682.
758
Calculate the highest common factor of 97638 and 71364.
6
Calculate the greatest common factor of 123579 and 3315738.
597
What is the greatest common factor of 475947929 and 17?
17
Calculate the highest common divisor of 97475 and 34439867.
3899
What is the highest common factor of 44580 and 63195?
15
Calculate the greatest common factor of 38807532 and 621.
621
What is the highest common divisor of 510898 and 14944?
934
Calculate the greatest common factor of 97 and 28233693.
97
Calculate the highest common factor of 6231 and 45384.
93
Calculate the highest common divisor of 19949842 and 44.
22
What is the greatest common divisor of 6136 and 605163?
767
What is the highest common factor of 124 and 1430764?
4
What is the greatest common factor of 900 and 22281660?
180
What is the greatest common factor of 8768 and 59520?
64
What is the greatest common divisor of 5922 and 4568682?
282
Calculate the highest common divisor of 2244440 and 35.
5
What is the highest common factor of 131602 and 138409?
2269
Calculate the highest common divisor of 11222265 and 10183.
599
Calculate the highest common factor of 4569 and 47790217.
1523
What is the greatest common divisor of 880 and 5947216?
176
Calculate the highest common divisor of 1212 and 4319871.
303
What is the highest common factor of 12046 and 331607?
19
Calculate the greatest common factor of 75809 and 117014.
41
Calculate the highest common factor of 6877 and 116984647.
6877
Calculate the highest common factor of 297926508 and 166.
166
Calculate the highest common divisor of 441 and 367160283.
441
Calculate the greatest common divisor of 94688470 and 1464.
122
Calculate the highest common divisor of 870552 and 64521.
963
Calculate the greatest common factor of 128401948 and 622.
622
Calculate the highest common factor of 935 and 11096495.
85
Calculate the greatest common factor of 43956 and 20790.
594
What is the highest common divisor of 416 and 2332384?
32
Calculate the greatest common factor of 459 and 7307793.
27
Calculate the greatest common factor of 73377 and 594117.
2367
What is the greatest common factor of 9823524 and 46697?
953
Calculate the highest common factor of 10492 and 130512611.
2623
What is the greatest common divisor of 9340443 and 144?
9
What is the greatest common factor of 679529042 and 1182?
394
What is the greatest common factor of 35625 and 6785375?
2375
Calculate the greatest common factor of 374 and 63843704.
34
What is the greatest common factor of 2547 and 158071914?
2547
What is the highest common factor of 3710 and 3829250?
530
Calculate the highest common factor of 6250 and 74950.
50
Calculate the greatest common divisor of 64 and 60031336.
8
What is the greatest common factor of 1888910 and 10?
10
What is the highest common factor of 376 and 5358272?
8
Calculate the highest common divisor of 87 and 14899765.
29
Calculate the highest common factor of 4444 and 6356132.
404
Calculate the highest common factor of 29476130 and 10.
10
Calculate the greatest common divisor of 13452738 and 13182.
1014
Calculate the highest common divisor of 175524 and 3072.
12
Calculate the highest common factor of 3380575 and 55.
55
What is the highest common divisor of 4647846 and 2058?
294
What is the highest common factor of 139 and 89977619?
139
What is the greatest common factor of 79327525 and 4165?
85
What is the highest common divisor of 221 and 8851628?
17
Calculate the greatest common factor of 102 and 27201666.
102
What is the greatest common divisor of 180713 and 1417?
13
What is the highest common divisor of 333723 and 78207?
597
Calculate the greatest common factor of 69247330 and 970.
970
What is the highest common divisor of 1776500 and 10540?
340
What is the highest common factor of 23755914 and 84357?
819
What is the highest common divisor of 680961638 and 14?
14
What is the highest common factor of 448 and 10382736?
112
What is the greatest common divisor of 6584814 and 19128?
4782
What is the highest common divisor of 2349800 and 290?
10
What is the greatest common divisor of 425 and 1065363735?
85
What is the greatest common divisor of 3550575 and 168?
21
What is the high